 - 5. Determine y(r).
3
Let h(k) be the second derivative of -k**5/10 + k**4/3 - k**3/2 + 3*k**2 + 28*k - 14. Calculate h(3).
-21
Let t = 28703 + -28695. Let k(z) = 3*z - 36. Give k(t).
-12
Suppose c - 2*t + 17 = 0, 4*c + 51*t - 4 = 47*t. Let o(y) = 3*y**2 + 13*y + 4. Calculate o(c).
14
Let x be (-12)/(-15) + 594/(-55) + 8. Let b(s) = -35*s - 64. Determine b(x).
6
Let s = -5 + 8. Let k(z) = -3*z**3 - 20*z**2 + 15*z - 2. Let n = 420 - 413. Let b(u) = -u**3 - 9*u**2 + 6*u - 1. Let v(d) = n*b(d) - 3*k(d). Determine v(s).
17
Let b = 420 + -387. Suppose -n - u - b + 42 = 0, 2*n + 3*u - 22 = 0. Let d(p) = p - 6. Give d(n).
-1
Let h(x) = -x**3 + 16*x**2 + 39*x - 43. Let k be 344/20 + 304/380. Give h(k).
11
Let c(w) = 152*w - 2089. Let g(m) = 22*m - 297. Let i(p) = -6*c(p) + 41*g(p). Calculate i(36).
-3
Let x(n) = 20*n - 5. Let z = -2272 + 2273. What is x(z)?
15
Let d(r) = -r**3 - 8*r**2 + 8*r + 2. Let q(l) = -9*l**2 - 36*l + 22. Let u(m) = -8*m**2 - 32*m + 21. Let o(h) = -6*q(h) + 7*u(h). Let f be o(2). Determine d(f).
11
Let h(d) = 55*d - 23. Let a(b) = -3*b - 2. Let f(s) = -3*s + 17. Let n(g) = 5*a(g) + f(g). Let x(w) = -2*h(w) - 7*n(w). Determine x(2).
29
Let m(x) = -10*x**2 - 3*x - 11. Let j(l) = 3*l**2 - 2*l + 5. Let q(d) = -2*j(d) - m(d). What is q(-1)?
-2
Let h(n) = n**3 - 14*n**2 - 18*n - 16. Let p(m) = 63*m - 300. Let v be p(5). Determine h(v).
-61
Let k(m) = -8*m**2 + 106*m - 11. Let y be k(13). Let f(o) = -o**2 + 18*o - 13. Calculate f(y).
32
Let v(r) = 63591 + 35*r - 31785 - 20*r**2 + r**3 - 31784. What is v(18)?
4
Let g(t) be the third derivative of -t**6/40 + 13*t**5/60 + 11*t**4/24 - t**3/3 + 2387*t**2. What is g(5)?
3
Let y(m) = -2*m + 5 - 5 + 41 - 38 + 36*m - 5*m**2. Determine y(7).
-4
Suppose 16 = 2*k + 4. Let x(p) = 10*p - 7. Let y(v) = -21*v + 15. Let q(g) = k*y(g) + 13*x(g). Let d be 56/20 - 1/(-5) - 4. Calculate q(d).
-5
Let a(j) = -72 + 22 + 5*j + 28 + 24. Suppose 3*w - 3*l = -7*l + 25, 0 = 5*l - 20. What is a(w)?
17
Let f(u) be the second derivative of u**4/12 - 7*u**3/3 + 4*u**2 + 58*u. Let v(g) be the first derivative of f(g). Calculate v(12).
10
Suppose -26 = 9*v - 44. Suppose 3*p = 4*a - 13, -v*a = -p - 5 + 2. Let m(t) = t**3 + 8*t**2 + 10*t + 14. What is m(p)?
-7
Let f(x) = 7*x - 2285 - x + 2282 - 3*x**2 - 472*x**3 + 471*x**3. Let w be 1/((-2)/(9 - -1)). What is f(w)?
17
Let l(n) = 26*n - 7*n - n**2 + 2 - 18*n + 0. Let i = -23 + -74. Let c = i - -100. Give l(c).
-4
Suppose m + 5*q = 18, 2*q + q + 6 = 5*m. Suppose 13 - 15 = -r. Let t(x) = 5*x**3 - 4*x - 4*x**3 - 4*x**r - 3 + 9*x. What is t(m)?
3
Suppose -2*a + 7 - 3 = 0. Let z(h) = 3*h + h**a - h + 2*h + 0*h - 9. Determine z(-6).
3
Suppose 12 = -19*m + 23*m. Let h(q) = 20*q**m - 19*q**3 + 3*q - 2*q**3 - q**2. Let r = 1 - 4. Determine h(r).
9
Let p(y) be the second derivative of y**5/20 + 13*y**4/12 + 13*y**3/2 + 8*y**2 + 201*y - 1. What is p(-9)?
-11
Let q(m) be the first derivative of m**4/4 - 10*m**3/3 + 4*m**2 - 2*m - 4734. Determine q(10).
78
Let b(x) = -8*x + 163. Let g be b(20). Let h(s) = 62*s - 188. What is h(g)?
-2
Suppose -2*i - 73 = -5*c, c + 285 - 269 = -3*i. Let f(v) be the third derivative of v**6/120 - v**5/5 + 11*v**4/24 - v**3 - v**2. Calculate f(c).
-6
Suppose 0*s - 3*s = -21. Let v(y) = 7*y - 8. Let n(g) = 19*g - 22. Let a(o) = -4*n(o) + 11*v(o). Determine a(s).
7
Let x(g) = g**3 - 153*g**2 + 3094*g + 38. Let w be x(24). Let o(a) = -44*a - 421. Calculate o(w).
19
Let c(s) = -s**3 - 2*s**2 - 2. Let q(g) = -6*g**3 - 11*g**2 + g - 10. Let k(m) = 11*c(m) - 2*q(m). Give k(-1).
-1
Let l(g) be the third derivative of g**4/12 - 7*g**3/6 + 21*g**2. Let v(f) = -f**3 - 2*f**2 + 2. Let i be v(-2). Suppose -i*k = -k - 5. Give l(k).
3
Let b(k) = -2*k**2 - 10*k - 3. Suppose 190 = 5*i - 4*d - 310, 200 = 2*i + 2*d. Suppose 0 = -u - 19*u - i. Determine b(u).
-3
Let u(h) = 15*h**2 - 11*h - 17. Let l(f) = 8*f**2 - 9. Let z(s) = 2*l(s) - u(s). Determine z(-11).
-1
Let h(t) = 3*t**2 + 9*t + 1. Let x be h(-6). Let s = x - 30. Let i(n) = s*n**2 - n - 8*n**2 + 1 - 18*n**2. Determine i(1).
-1
Let k(x) be the second derivative of -1/360*x**6 + 0*x**2 + 1/120*x**5 + x + 1/3*x**4 + 0*x**3 + 0. Let i(f) be the third derivative of k(f). Calculate i(4).
-7
Let f(c) = c**3 + 4*c**2 - 6*c - 1. Let n = -53 - -58. Suppose -4 + 14 = n*z. Let x be (70/28)/((-1)/z). Determine f(x).
4
Let b(s) = -s**2 - 5*s + 13. Let i be ((-1)/(-4))/((-123)/164)*6/(-1). Calculate b(i).
-1
Suppose -c + 3 = 3*z, 0 = -3*z - 5*c - 100 + 91. Let x(m) = z*m - 2 + 15 - 16*m**2 + 15*m**2. Give x(5).
-2
Let z(u) be the second derivative of -u**5/20 + u**4/6 + u**3/2 + 4*u**2 + 18*u - 104. Calculate z(4).
-12
Let j(o) be the third derivative of -o**6/120 + 7*o**5/60 - 5*o**4/24 + o**3 - 478*o**2 - 3*o. What is j(6)?
12
Suppose -2*p - 2*y = -20, 12*p + 5*y = 6*p + 61. Let t(o) = 2*o + 39. Calculate t(p).
61
Let j(i) = i**3 - 8*i**2 + 8*i - 55. Suppose -68 + 876 = 101*u. Calculate j(u).
9
Let s = 2166 - 2166. Let w(z) = -z**3 + z**2 - 32. What is w(s)?
-32
Let k(c) = -174 + 609 - 233 - 6*c - 184. Calculate k(6).
-18
Let z(r) = 9*r**2 + 51*r - 14. Let f = 394 + -400. Let o be z(f). Let b(m) be the second derivative of m**4/6 - 5*m**2/2 + m. Calculate b(o).
27
Let l(k) = 8*k**2 - 6*k + 2. Let c(o) = -18*o + 4. Let d(p) = p**2 + 41*p - 9. Let j(r) = -7*c(r) - 3*d(r). Let y(f) = -5*j(f) - 2*l(f). Give y(-3).
1
Let v(c) = -c**3 + 7*c**2 - 5*c - 1. Suppose 7*j = 5*j - a + 8, a + 10 = 4*j. Suppose -6*q + j*m - 18 = -9*q, -20 = -3*q - m. What is v(q)?
-36
Let p(s) = -2*s - 74. Let m(u) = 5*u + 220. Let x(k) = 7*m(k) + 20*p(k). Determine x(13).
-5
Let b(r) = 3*r**3 - 2*r + 307 + r**2 - 2*r - 304. Suppose 2*h - 5*s + 11 = 0, 3*h - 20 + 2 = -4*s. What is b(h)?
23
Let b(n) = -n - 4. Suppose -15*a + 8*a + 98 = 0. Let d(k) = -k**2 + 22*k - 39. Let y be d(a). Let v = y - 76. Calculate b(v).
-1
Let p = 23 + -20. Let a be 10/(-15)*(p - -6). Let v be (-7)/(-2*(-3)/a). Let q(k) = -k + 8. What is q(v)?
1
Let l(r) = -9*r + 5. Let w(h) = h**2 + 8*h - 5. Let g(n) = -2*l(n) - 3*w(n). Suppose j - 96 + 111 = -5*p, 0 = -p - 2. What is g(j)?
-40
Let d be ((-11)/((-55)/(-6)))/(16/80). Let h(x) = -x**3 - 5*x**2 + 6*x + 4. What is h(d)?
4
Suppose 3*c + 45 = -60. Let w(g) = -7*g + 156. Let m be w(18). Let h = c + m. Let q(i) = -i**3 - 6*i**2 - 7*i - 7. Determine q(h).
3
Let y(s) be the first derivative of -314 - 2*s + 2*s**2 + 1/3*s**3. Give y(-7).
19
Let p = 2213 + -2200. Let m(b) = b**2 - 14*b - 15. Determine m(p).
-28
Suppose -243*i + 5*r - 21 = -242*i, 0 = -4*i + 2*r - 30. Let n(o) be the second derivative of -o**3/6 + 7*o**2/2 + o. Calculate n(i).
13
Suppose 12*o - 7*o + 2*z - 237 = 0, -98 = -2*o - 4*z. Let u(v) = 50*v - o*v - v**3 - 12 + 12 + 4*v**2. What is u(4)?
12
Suppose 37*p - 9*p = 140. Let m(z) = 0*z**2 - 5*z**3 + 4*z**2 - p*z**2. Give m(-1).
4
Let h(f) = -f**2 + 1. Let s(l) = 4*l**2 + 15*l + 28. Let i(a) = 3*h(a) + s(a). What is i(-13)?
5
Let k(h) be the third derivative of -17*h**2 - 1/40*h**5 - 5/24*h**4 + 0 + 0*h - 1/2*h**3. Let g(m) be the first derivative of k(m). Determine g(-4).
7
Let i = -1100 - -1103. Let d(k) = 2*k - 6. What is d(i)?
0
Let x(r) = 9*r**2 + 6*r - 49. Let p(y) = 25*y**2 + 19*y - 134. Let g(t) = -3*p(t) + 8*x(t). Determine g(0).
10
Let x(o) = o**2 - 10*o + 8. Let m = 516 + -510. Let i be (m/4)/((-26)/(-156)). Give x(i).
-1
Suppose 345*w + 2*r = 346*w + 8, 6 = 3*w + 4*r. Let k(l) = 3*l + 9. What is k(w)?
3
Suppose 3*h + t + 4 = -4*t, 12 = 4*h - 2*t. Suppose -2*b = -h, 5*n - 3*b = 2*b - 5. Let x(v) = 26*v + 31*v + 11 - 58*v. Determine x(n).
11
Let v(r) = 8*r**2 + 7 - 6*r - 3*r**2 - r**3 - 2. Let b(m) = m**3 + 8*m**2 + 20*m + 20. Let p be b(-4). What is v(p)?
-3
Let l(d) = -23*d - 586. Let o(c) = 12*c + 313. Let j(s) = -6*l(s) - 11*o(s). Give j(-11).
7
Let f = -173 - -174. Let z(c) = -4*c**2 + 3 - 3 - 8*c**2 + f. Calculate z(1).
-11
Let u(x) be the third derivative of -x**2 + 0*x + 0 + 1/24*x**4 - 5/6*x**3. Suppose -w + 18 = 2*w - 2*i, -4*w + 13 = i. Determine u(w).
-1
Let j(r) = -3*r + 18. Suppose 3*z + 132 = 141. Suppose 18*w = 75 - z. Determine j(w).
6
Let h(n) = 5*n**2 - 16*n - 36. Let g(w) = 21*w**2 - 64*w - 144. Let r(v) = -2*g(v) + 9*h(v). Calculate r(-2).
8
Let o(c) = c + 8. Suppose 3*i - 383 = -452. Let v